{"id":37639,"date":"2026-03-31T03:09:51","date_gmt":"2026-03-31T03:09:51","guid":{"rendered":"https:\/\/uyartistas.uy\/uyartshop\/product\/primavera\/"},"modified":"2026-04-14T14:57:10","modified_gmt":"2026-04-14T14:57:10","slug":"primavera","status":"publish","type":"product","link":"https:\/\/uyartistas.uy\/uyartshop\/product\/primavera\/","title":{"rendered":"Primavera"},"content":{"rendered":"<p>Mi nombre es Rossana De Cuadro<br \/>\nEn m\u00ed, se funden mis dos pasiones, la psicolog\u00eda, en la cual me form\u00e9, y la pintura, la cual es parte de mi vida desde siempre. Siempre dibuj\u00e9, es y ha sido mi refugio y mi manera de expresar mis emociones.<br \/>\nDurante muchos a\u00f1os me form\u00e9 como autodidacta, alternando la pintura con acuarela y el dibujo. Siempre dec\u00eda que me dedicar\u00eda totalmente al arte cuando tuviera m\u00e1s tiempo, cuando me jubilara. A ra\u00edz de sucesos vitales muy movilizantes, retom\u00e9 mi an\u00e1lisis y decid\u00ed desarrollar esa parte de m\u00ed que siempre estaba ah\u00ed, esper\u00e1ndome.<\/p>\n<p>Desde 2023 comenc\u00e9 a concurrir al taller de Diego Cousillas y Lia Dos Reis, como parte de hallar mi estilo.<br \/>\nEn el colegio gan\u00e9 mi primer premio, \u201cIniciaci\u00f3n al arte\u201d y realic\u00e9 mi primera exposici\u00f3n grupal. Ya de adulta, participe de exposiciones colectivas.<br \/>\nEn mis creaciones me centro en pintar a la mujer, identific\u00e1ndome en sus distintas facetas y personalidades. Incursionando con Frida Kahlo, para luego realizar la serie \u201cNaturaleza femenina\u201d y la serie \u201cEva\u201d. A modo de reivindicar la femineidad, la sensualidad y el empoderamiento que como tal merecemos.<\/p>\n<p>Con esta obra, quiero trasmitir lo que genera en mi visi\u00f3n la primavera, despertar de sentidos, sensualidad, belleza, renacimiento, despertar de la fuerza vital .<\/p>\n","protected":false},"excerpt":{"rendered":"<p>Artista: Rossana De Cuadro<br \/>\nPa\u00eds: Uruguay<br \/>\nT\u00e9cnica: Acr\u00edlico<br \/>\nSoporte: Lienzo sobre bastidor<br \/>\nMedidas: 60 x 80<br \/>\nA\u00f1o: 2024<\/p>\n","protected":false},"featured_media":37648,"template":"","meta":{"pagelayer_contact_templates":[],"_pagelayer_content":""},"product_brand":[205],"product_cat":[81],"product_tag":[],"class_list":{"0":"post-37639","1":"product","2":"type-product","3":"status-publish","4":"has-post-thumbnail","6":"product_brand-rossana-de-cuadro","7":"product_cat-acrilico","9":"first","10":"instock","11":"shipping-taxable","12":"purchasable","13":"product-type-simple"},"_links":{"self":[{"href":"https:\/\/uyartistas.uy\/uyartshop\/wp-json\/wp\/v2\/product\/37639","targetHints":{"allow":["GET"]}}],"collection":[{"href":"https:\/\/uyartistas.uy\/uyartshop\/wp-json\/wp\/v2\/product"}],"about":[{"href":"https:\/\/uyartistas.uy\/uyartshop\/wp-json\/wp\/v2\/types\/product"}],"wp:featuredmedia":[{"embeddable":true,"href":"https:\/\/uyartistas.uy\/uyartshop\/wp-json\/wp\/v2\/media\/37648"}],"wp:attachment":[{"href":"https:\/\/uyartistas.uy\/uyartshop\/wp-json\/wp\/v2\/media?parent=37639"}],"wp:term":[{"taxonomy":"product_brand","embeddable":true,"href":"https:\/\/uyartistas.uy\/uyartshop\/wp-json\/wp\/v2\/product_brand?post=37639"},{"taxonomy":"product_cat","embeddable":true,"href":"https:\/\/uyartistas.uy\/uyartshop\/wp-json\/wp\/v2\/product_cat?post=37639"},{"taxonomy":"product_tag","embeddable":true,"href":"https:\/\/uyartistas.uy\/uyartshop\/wp-json\/wp\/v2\/product_tag?post=37639"}],"curies":[{"name":"wp","href":"https:\/\/api.w.org\/{rel}","templated":true}]}}