{"id":37720,"date":"2026-04-29T14:38:07","date_gmt":"2026-04-29T14:38:07","guid":{"rendered":"https:\/\/uyartistas.uy\/uyartshop\/product\/abismos-internos\/"},"modified":"2026-04-29T14:41:00","modified_gmt":"2026-04-29T14:41:00","slug":"abismos-internos","status":"publish","type":"product","link":"https:\/\/uyartistas.uy\/uyartshop\/product\/abismos-internos\/","title":{"rendered":"Abismos internos"},"content":{"rendered":"<p>Soy Artista Visual y Productor Cultural. Trabajo en los mercados de Brasil y Uruguay y desde hace 4 a\u00f1os cofund\u00e9 el espacio &#8216;uyArtistas&#8217; (IG: @uyartistas). Actualmente resido y produzco mi arte en ambos pa\u00edses. Esta obra que hoy presento fue realizada en 2023, poco despues de la finalizaci\u00f3n de la pandemia. Se llama &#8216;Abismos Internos&#8217; y, precisamente, est\u00e1 basada en lo que fue el horror que la humanidad sufri\u00f3 durante ese oscuro per\u00edodo. La intenci\u00f3n, absolutamente expresiva y sin l\u00edmites, es indagar y hurgar sobre las connotaciones y terribles secuelas que el per\u00edodo pand\u00e9mico trajo para la humanidad toda. Una versi\u00f3n abstracta que expresa los conflictos internos, los miedos, las inseguridades y el entorno psicol\u00f3gico que todos vivimos.<\/p>\n","protected":false},"excerpt":{"rendered":"<p>Artista: Ricardo Botana<br \/>\nPa\u00eds: Uruguay<br \/>\nT\u00e9cnica: Acr\u00edlico<br \/>\nSoporte: lienzo<br \/>\nMedidas: 70 x 100 cm<br \/>\nA\u00f1o: 2023<\/p>\n","protected":false},"featured_media":37721,"template":"","meta":{"pagelayer_contact_templates":[],"_pagelayer_content":""},"product_brand":[214],"product_cat":[81],"product_tag":[],"class_list":{"0":"post-37720","1":"product","2":"type-product","3":"status-publish","4":"has-post-thumbnail","6":"product_brand-ricardo-botana","7":"product_cat-acrilico","9":"first","10":"instock","11":"sold-individually","12":"shipping-taxable","13":"purchasable","14":"product-type-simple"},"_links":{"self":[{"href":"https:\/\/uyartistas.uy\/uyartshop\/wp-json\/wp\/v2\/product\/37720","targetHints":{"allow":["GET"]}}],"collection":[{"href":"https:\/\/uyartistas.uy\/uyartshop\/wp-json\/wp\/v2\/product"}],"about":[{"href":"https:\/\/uyartistas.uy\/uyartshop\/wp-json\/wp\/v2\/types\/product"}],"wp:featuredmedia":[{"embeddable":true,"href":"https:\/\/uyartistas.uy\/uyartshop\/wp-json\/wp\/v2\/media\/37721"}],"wp:attachment":[{"href":"https:\/\/uyartistas.uy\/uyartshop\/wp-json\/wp\/v2\/media?parent=37720"}],"wp:term":[{"taxonomy":"product_brand","embeddable":true,"href":"https:\/\/uyartistas.uy\/uyartshop\/wp-json\/wp\/v2\/product_brand?post=37720"},{"taxonomy":"product_cat","embeddable":true,"href":"https:\/\/uyartistas.uy\/uyartshop\/wp-json\/wp\/v2\/product_cat?post=37720"},{"taxonomy":"product_tag","embeddable":true,"href":"https:\/\/uyartistas.uy\/uyartshop\/wp-json\/wp\/v2\/product_tag?post=37720"}],"curies":[{"name":"wp","href":"https:\/\/api.w.org\/{rel}","templated":true}]}}